{"id":687,"date":"2020-02-28T08:44:11","date_gmt":"2020-02-28T08:44:11","guid":{"rendered":"https:\/\/cincinatos.org\/portal\/?page_id=687"},"modified":"2020-02-28T08:44:11","modified_gmt":"2020-02-28T08:44:11","slug":"la-resistencia-al-sanchismo-crece-pasa-al-ataque-y-debilita-al-gobierno","status":"publish","type":"page","link":"https:\/\/cincinatos.org\/portal\/la-resistencia-al-sanchismo-crece-pasa-al-ataque-y-debilita-al-gobierno\/","title":{"rendered":"La resistencia al sanchismo crece, pasa al ataque y debilita al gobierno"},"content":{"rendered":"<h3><img decoding=\"async\" loading=\"lazy\" class=\"aligncenter wp-image-688 size-large\" src=\"https:\/\/cincinatos.org\/portal\/wp-content\/uploads\/2020\/02\/union-78-700x467.jpg\" alt=\"\" width=\"700\" height=\"467\" srcset=\"https:\/\/cincinatos.org\/portal\/wp-content\/uploads\/2020\/02\/union-78-700x467.jpg 700w, https:\/\/cincinatos.org\/portal\/wp-content\/uploads\/2020\/02\/union-78-300x200.jpg 300w, https:\/\/cincinatos.org\/portal\/wp-content\/uploads\/2020\/02\/union-78-768x512.jpg 768w, https:\/\/cincinatos.org\/portal\/wp-content\/uploads\/2020\/02\/union-78.jpg 1200w\" sizes=\"(max-width: 700px) 100vw, 700px\" \/><\/h3>\n<h3><strong><span style=\"font-size: 12pt;\">Art\u00edculo de Francisco Rubiales<\/span><\/strong><\/h3>\n<h3 class=\"access\"><strong><span style=\"font-size: 12pt;\">La resistencia a la ignominia que capitanea Pedro S\u00e1nchez est\u00e1 creciendo en toda Espa\u00f1a y parece decidida a pasar al ataque. Surgen iniciativas antigubernamentales en la sociedad civil y se empiezan a convocar manifestaciones. Los espa\u00f1oles decentes luchar\u00e1n contra la bajeza pol\u00edtica, hoy representada por el PSOE y sus aliados comunistas y nacionalistas vascos y catalanes, promotores del odio y enemigos de Espa\u00f1a.<\/span><\/strong><\/h3>\n<p><strong><span style=\"font-size: 12pt;\">El hecho de que el gobierno socialista-comunista est\u00e9 premiando a los m\u00e1s desleales y conflictivos y reste recursos a las regiones m\u00e1s podres y necesitadas indigna de manera intensa en Espa\u00f1a y hace crecer la rabia y el esp\u00edritu de lucha contra la injusticia gubernamental.<\/span><\/strong><\/p>\n<p><span style=\"font-size: 12pt;\"><!--more--><\/span><\/p>\n<div class=\"texte\">\n<div class=\"access firstletter\">\n<p><span style=\"font-size: 12pt;\">La reuni\u00f3n de la vergonzosa mesa de la ignominia, donde se respiran traiciones y cesiones indignas y el gobierno conversa con golpistas catalanes e inhabilitados sobre asuntos que competen a toda Espa\u00f1a, el nombramiento de la fiscal general, el esc\u00e1ndalo de \u00c1balos y las 40 maletas en Barajas, el retroceso de la econom\u00eda, la est\u00fapida obsesi\u00f3n de subir impuestos cuando la econom\u00eda se ralentiza en todo el mundo, la falta de controles y de previsi\u00f3n frente al coronavirus, la desigualdad impuesta a las autonom\u00edas, la crisis en la agricultura, el conflicto creciente con Estados Unidos, el desaf\u00edo de las aguas territoriales de Marruecos y Argelia y muchos otros desatinos, errores, detalles tir\u00e1nicos y mamarrachadas de un gobierno que hace agua y maltrata a Espa\u00f1a de manera evidente est\u00e1n fortaleciendo a la oposici\u00f3n y despertando a una sociedad civil que por fin parece dispuesta a plantar cara a la ignominia y el desastre que representa el \u00absanchismo\u00bb en el poder, toda una degeneraci\u00f3n del socialismo y de la izquierda espa\u00f1ola.<\/span><\/p>\n<p><span style=\"font-size: 12pt;\">Los agricultores se han lanzado a las calles y carreteras con sus tractoradas desesperadas porque el gobierno no hace nada para que cultivar la tierra y producir alimentos siga siendo rentable; los hombres han programado una manifestaci\u00f3n para el 10 M contra las leyes de genero que les aplastan y humillan y contra el feminismo que odia al var\u00f3n; Un &#8216;Basta Ya&#8217; nacional convocar\u00e1 una gran manifestaci\u00f3n en Madrid contra las cesiones del Gobierno al separatismo; FENCIS, la plataforma nacional que une a los grupos que luchan contra el injusto y anticonstitucional impuesto a las herencias, todo un robo legalizado de la voluntad de los muertos, han decidido lanzarse a las calles e internacionalizar su protesta denunciando al gobierno ante los tribunales internacionales y la Uni\u00f3n Europea; Los padres est\u00e1n indignados ante el adoctrinamiento forzado de los ni\u00f1os en las escuelas p\u00fablicas y la oposici\u00f3n del gobierno al Pin Parental&#8230;<\/span><\/p>\n<p><span style=\"font-size: 12pt;\">La oposici\u00f3n a la desigualdad territorial que est\u00e1 imponiendo el gobierno genera indignaci\u00f3n y rechazo en las comunidades m\u00e1s pobres y en la pr\u00f3spera Madrid, donde no est\u00e1n dispuestos a soportar que Pedro S\u00e1nchez enriquezca todav\u00eda m\u00e1s y otorgue ventajas a vascos y catalanes como miserable pago a sus apoyos pol\u00edticos. El rechazo a la desigualdad inconstitucional que impulsan los socialistas es muy duro en Andaluc\u00eda, Exteemadura, Castilla la Mancha, Murcia y otras regiones que son conscientes de que las ayudas que les corresponden van a ir a Catalu\u00f1a y el Pa\u00eds Vasco como consecuencia de la bajeza del gobierno.<\/span><\/p>\n<p><span style=\"font-size: 12pt;\">Est\u00e1n surgiendo por todas partes movimientos y grupos dispuestos a luchar contra la torpeza y las agresiones al bien com\u00fan que patrocina el indignante sanchismo (Basta Ya, Cincinatos, Uni\u00f3n 78, Sabater, Rosa D\u00edez, Mar\u00eda San Gil&#8230; Incluso dentro del PSOE parece que por fin los viejos cuadros se animan a enfrentarse al tirano S\u00e1nchez y a su miserable hoja de ruta, mientras ocurre otro tanto en los cuarteles, en los grandes foros de debate, en la gran empresa y entre los altos mandos militares.<\/span><\/p>\n<p><span style=\"font-size: 12pt;\">La protesta contra el sanchismo est\u00e1 todav\u00eda desorganizada y se circunscribe a \u00e1mbitos como los bares, las cafeter\u00edas, los hogares y, sobre todo, las redes sociales, que han convertido a Internet en un alegato constante y de belicosidad creciente contra el PSOE y su cobard\u00eda al permitir que un tirano mediocre como S\u00e1nchez conduzca al partido y a Espa\u00f1a hacia el fracaso y la derrota.<\/span><\/p>\n<p><span style=\"font-size: 12pt;\">Pero la oposici\u00f3n al sanchismo est\u00e1 efervescente y ganando solidez y fuerza. VOX agita el patio contra el socialcomunismo gobernante en Espa\u00f1a al grito de \u00abSanchez taidor\u00bb y la gente sale a las calles, cada d\u00eda con m\u00e1s decisi\u00f3n, portando banderas de Espa\u00f1a, convertidas ya en el s\u00edmbolo de la protesta contra socialistas, comunistas y nacionalistas desleales. En Extremadura el antisocialismo crece y en Andaluc\u00eda, la mayor autonom\u00eda de Espa\u00f1a, las encuestas reflejan retrocesos del PSOE en la intenci\u00f3n de voto y una creciente rabia frente a las marginaciones y venganzas del gobierno por haber expulsado al socialismo del poder.<\/span><\/p>\n<p><span style=\"font-size: 12pt;\">Un Sanchez cada d\u00eda m\u00e1s desprestigiado y solitario se refugia cada d\u00eda m\u00e1s en la escoria nacional, a la que ha elegido como socio y sost\u00e9n de su gobierno sin que nadie sepa como va a hacer frente a lo que se avecina: protestas crecientes, crispaci\u00f3n ante el coronavirus, retrocesos econ\u00f3micos, ca\u00edda dram\u00e1tica del turismo, crecimiento preocupante del desempleo, hostilidad creciente de Estados Unidos y de nuestros aliados europeos, aislamiento y un retroceso en la econom\u00eda y la prosperidad que cada d\u00eda har\u00e1 de Espa\u00f1a un pa\u00eds m\u00e1s d\u00e9bil.<\/span><\/p>\n<p>&nbsp;<\/p>\n<\/div>\n<div class=\"access firstletter\">\n<p><img decoding=\"async\" loading=\"lazy\" class=\"size-medium wp-image-73 aligncenter\" src=\"https:\/\/cincinatos.org\/portal\/wp-content\/uploads\/2019\/06\/Distintivo-CINCINATOS-300x300.jpg\" alt=\"\" width=\"300\" height=\"300\" srcset=\"https:\/\/cincinatos.org\/portal\/wp-content\/uploads\/2019\/06\/Distintivo-CINCINATOS-300x300.jpg 300w, https:\/\/cincinatos.org\/portal\/wp-content\/uploads\/2019\/06\/Distintivo-CINCINATOS-150x150.jpg 150w, https:\/\/cincinatos.org\/portal\/wp-content\/uploads\/2019\/06\/Distintivo-CINCINATOS.jpg 639w\" sizes=\"(max-width: 300px) 100vw, 300px\" \/><\/p>\n<\/div>\n<\/div>\n","protected":false},"excerpt":{"rendered":"<p>Art\u00edculo de Francisco Rubiales La resistencia a la ignominia que capitanea Pedro S\u00e1nchez est\u00e1 creciendo en toda Espa\u00f1a y parece decidida a pasar al ataque. Surgen iniciativas antigubernamentales en la sociedad civil y se empiezan a convocar manifestaciones. Los espa\u00f1oles decentes luchar\u00e1n contra la bajeza pol\u00edtica, hoy representada por el PSOE y sus aliados comunistas &#8230; <a title=\"La resistencia al sanchismo crece, pasa al ataque y debilita al gobierno\" class=\"read-more\" href=\"https:\/\/cincinatos.org\/portal\/la-resistencia-al-sanchismo-crece-pasa-al-ataque-y-debilita-al-gobierno\/\" aria-label=\"M\u00e1s en La resistencia al sanchismo crece, pasa al ataque y debilita al gobierno\">Leer m\u00e1s<\/a><\/p>\n","protected":false},"author":8,"featured_media":0,"parent":0,"menu_order":0,"comment_status":"closed","ping_status":"closed","template":"","meta":[],"_links":{"self":[{"href":"https:\/\/cincinatos.org\/portal\/wp-json\/wp\/v2\/pages\/687"}],"collection":[{"href":"https:\/\/cincinatos.org\/portal\/wp-json\/wp\/v2\/pages"}],"about":[{"href":"https:\/\/cincinatos.org\/portal\/wp-json\/wp\/v2\/types\/page"}],"author":[{"embeddable":true,"href":"https:\/\/cincinatos.org\/portal\/wp-json\/wp\/v2\/users\/8"}],"replies":[{"embeddable":true,"href":"https:\/\/cincinatos.org\/portal\/wp-json\/wp\/v2\/comments?post=687"}],"version-history":[{"count":2,"href":"https:\/\/cincinatos.org\/portal\/wp-json\/wp\/v2\/pages\/687\/revisions"}],"predecessor-version":[{"id":690,"href":"https:\/\/cincinatos.org\/portal\/wp-json\/wp\/v2\/pages\/687\/revisions\/690"}],"wp:attachment":[{"href":"https:\/\/cincinatos.org\/portal\/wp-json\/wp\/v2\/media?parent=687"}],"curies":[{"name":"wp","href":"https:\/\/api.w.org\/{rel}","templated":true}]}}

<h3><img decoding="async" loading="lazy" class="aligncenter wp-image-688 size-large" src="https://cincinatos.org/portal/wp-content/uploads/2020/02/union-78-700x467.jpg" alt="" width="700" height="467" srcset="https://cincinatos.org/portal/wp-content/uploads/2020/02/union-78-700x467.jpg 700w, https://cincinatos.org/portal/wp-content/uploads/2020/02/union-78-300x200.jpg 300w, https://cincinatos.org/portal/wp-content/uploads/2020/02/union-78-768x512.jpg 768w, https://cincinatos.org/portal/wp-content/uploads/2020/02/union-78.jpg 1200w" sizes="(max-width: 700px) 100vw, 700px" /></h3>
<h3><strong><span style="font-size: 12pt;">Artículo de Francisco Rubiales</span></strong></h3>
<h3 class="access"><strong><span style="font-size: 12pt;">La resistencia a la ignominia que capitanea Pedro Sánchez está creciendo en toda España y parece decidida a pasar al ataque. Surgen iniciativas antigubernamentales en la sociedad civil y se empiezan a convocar manifestaciones. Los españoles decentes lucharán contra la bajeza política, hoy representada por el PSOE y sus aliados comunistas y nacionalistas vascos y catalanes, promotores del odio y enemigos de España.</span></strong></h3>
<p><strong><span style="font-size: 12pt;">El hecho de que el gobierno socialista-comunista esté premiando a los más desleales y conflictivos y reste recursos a las regiones más podres y necesitadas indigna de manera intensa en España y hace crecer la rabia y el espíritu de lucha contra la injusticia gubernamental.</span></strong></p>
<p><span style="font-size: 12pt;"><!--more--></span></p>
<div class="texte">
<div class="access firstletter">
<p><span style="font-size: 12pt;">La reunión de la vergonzosa mesa de la ignominia, donde se respiran traiciones y cesiones indignas y el gobierno conversa con golpistas catalanes e inhabilitados sobre asuntos que competen a toda España, el nombramiento de la fiscal general, el escándalo de Ábalos y las 40 maletas en Barajas, el retroceso de la economía, la estúpida obsesión de subir impuestos cuando la economía se ralentiza en todo el mundo, la falta de controles y de previsión frente al coronavirus, la desigualdad impuesta a las autonomías, la crisis en la agricultura, el conflicto creciente con Estados Unidos, el desafío de las aguas territoriales de Marruecos y Argelia y muchos otros desatinos, errores, detalles tiránicos y mamarrachadas de un gobierno que hace agua y maltrata a España de manera evidente están fortaleciendo a la oposición y despertando a una sociedad civil que por fin parece dispuesta a plantar cara a la ignominia y el desastre que representa el «sanchismo» en el poder, toda una degeneración del socialismo y de la izquierda española.</span></p>
<p><span style="font-size: 12pt;">Los agricultores se han lanzado a las calles y carreteras con sus tractoradas desesperadas porque el gobierno no hace nada para que cultivar la tierra y producir alimentos siga siendo rentable; los hombres han programado una manifestación para el 10 M contra las leyes de genero que les aplastan y humillan y contra el feminismo que odia al varón; Un &#8216;Basta Ya&#8217; nacional convocará una gran manifestación en Madrid contra las cesiones del Gobierno al separatismo; FENCIS, la plataforma nacional que une a los grupos que luchan contra el injusto y anticonstitucional impuesto a las herencias, todo un robo legalizado de la voluntad de los muertos, han decidido lanzarse a las calles e internacionalizar su protesta denunciando al gobierno ante los tribunales internacionales y la Unión Europea; Los padres están indignados ante el adoctrinamiento forzado de los niños en las escuelas públicas y la oposición del gobierno al Pin Parental&#8230;</span></p>
<p><span style="font-size: 12pt;">La oposición a la desigualdad territorial que está imponiendo el gobierno genera indignación y rechazo en las comunidades más pobres y en la próspera Madrid, donde no están dispuestos a soportar que Pedro Sánchez enriquezca todavía más y otorgue ventajas a vascos y catalanes como miserable pago a sus apoyos políticos. El rechazo a la desigualdad inconstitucional que impulsan los socialistas es muy duro en Andalucía, Exteemadura, Castilla la Mancha, Murcia y otras regiones que son conscientes de que las ayudas que les corresponden van a ir a Cataluña y el País Vasco como consecuencia de la bajeza del gobierno.</span></p>
<p><span style="font-size: 12pt;">Están surgiendo por todas partes movimientos y grupos dispuestos a luchar contra la torpeza y las agresiones al bien común que patrocina el indignante sanchismo (Basta Ya, Cincinatos, Unión 78, Sabater, Rosa Díez, María San Gil&#8230; Incluso dentro del PSOE parece que por fin los viejos cuadros se animan a enfrentarse al tirano Sánchez y a su miserable hoja de ruta, mientras ocurre otro tanto en los cuarteles, en los grandes foros de debate, en la gran empresa y entre los altos mandos militares.</span></p>
<p><span style="font-size: 12pt;">La protesta contra el sanchismo está todavía desorganizada y se circunscribe a ámbitos como los bares, las cafeterías, los hogares y, sobre todo, las redes sociales, que han convertido a Internet en un alegato constante y de belicosidad creciente contra el PSOE y su cobardía al permitir que un tirano mediocre como Sánchez conduzca al partido y a España hacia el fracaso y la derrota.</span></p>
<p><span style="font-size: 12pt;">Pero la oposición al sanchismo está efervescente y ganando solidez y fuerza. VOX agita el patio contra el socialcomunismo gobernante en España al grito de «Sanchez taidor» y la gente sale a las calles, cada día con más decisión, portando banderas de España, convertidas ya en el símbolo de la protesta contra socialistas, comunistas y nacionalistas desleales. En Extremadura el antisocialismo crece y en Andalucía, la mayor autonomía de España, las encuestas reflejan retrocesos del PSOE en la intención de voto y una creciente rabia frente a las marginaciones y venganzas del gobierno por haber expulsado al socialismo del poder.</span></p>
<p><span style="font-size: 12pt;">Un Sanchez cada día más desprestigiado y solitario se refugia cada día más en la escoria nacional, a la que ha elegido como socio y sostén de su gobierno sin que nadie sepa como va a hacer frente a lo que se avecina: protestas crecientes, crispación ante el coronavirus, retrocesos económicos, caída dramática del turismo, crecimiento preocupante del desempleo, hostilidad creciente de Estados Unidos y de nuestros aliados europeos, aislamiento y un retroceso en la economía y la prosperidad que cada día hará de España un país más débil.</span></p>
<p>&nbsp;</p>
</div>
<div class="access firstletter">
<p><img decoding="async" loading="lazy" class="size-medium wp-image-73 aligncenter" src="https://cincinatos.org/portal/wp-content/uploads/2019/06/Distintivo-CINCINATOS-300x300.jpg" alt="" width="300" height="300" srcset="https://cincinatos.org/portal/wp-content/uploads/2019/06/Distintivo-CINCINATOS-300x300.jpg 300w, https://cincinatos.org/portal/wp-content/uploads/2019/06/Distintivo-CINCINATOS-150x150.jpg 150w, https://cincinatos.org/portal/wp-content/uploads/2019/06/Distintivo-CINCINATOS.jpg 639w" sizes="(max-width: 300px) 100vw, 300px" /></p>
</div>
</div>

<p>Artículo de Francisco Rubiales La resistencia a la ignominia que capitanea Pedro Sánchez está creciendo en toda España y parece decidida a pasar al ataque. Surgen iniciativas antigubernamentales en la sociedad civil y se empiezan a convocar manifestaciones. Los españoles decentes lucharán contra la bajeza política, hoy representada por el PSOE y sus aliados comunistas &#8230; <a title="La resistencia al sanchismo crece, pasa al ataque y debilita al gobierno" class="read-more" href="https://cincinatos.org/portal/la-resistencia-al-sanchismo-crece-pasa-al-ataque-y-debilita-al-gobierno/" aria-label="Más en La resistencia al sanchismo crece, pasa al ataque y debilita al gobierno">Leer más</a></p>
